r of 20 and t?
20
Suppose 0 = 5*d + 25, -2*j - d = -5*d - 30. Suppose -w = -l - 4, -2*w = -4*w + j*l + 11. What is the highest common divisor of w and 24?
3
Let s(c) be the first derivative of -4*c + 1/4*c**4 + 6 - 1/2*c**2 - 5/3*c**3. Let p be s(6). What is the highest common divisor of 130 and p?
26
Let v(p) = 6*p + 15. Let h(d) = -7*d - 16. Let i(c) = 5*h(c) + 6*v(c). Let f be i(8). Let j = -13 + f. Calculate the greatest common divisor of j and 10.
5
Let s = 48 - -160. Suppose 19*p - 17*p = 3*k + 61, p - 4*k - 38 = 0. What is the highest common divisor of p and s?
26
Let q = -672 + 706. What is the greatest common divisor of q and 782?
34
Let j(r) = 10*r**2 - r + 2. Let l be j(2). Suppose 21*o - 525 = -168. Suppose o*v - 170 = -0*v. What is the highest common factor of v and l?
10
Let u(i) = i**3 - 12*i**2 + 22*i - 13. Let z be u(10). What is the highest common factor of 553 and z?
7
Suppose -21 = -6*o + 3*o. Let b = o + 6. Let x = 21 - b. Calculate the highest common divisor of 56 and x.
8
Let c be (-3)/(33/(-187))*(-1)/(-1). What is the highest common divisor of 119 and c?
17
Let u = 1026 + -454. Calculate the highest common factor of 26 and u.
26
Let k = 2 + 1. Suppose -125*v = -112*v - 26. Calculate the greatest common divisor of k and v.
1
Let c(v) = -17*v + 4. Let z be c(-4). Let s = z + -27. Suppose 0 = -757*w + 766*w - 135. Calculate the greatest common divisor of s and w.
15
Let t(z) = 2*z**2 - 61*z - 113. Let m be t(33). Calculate the highest common factor of m and 208.
52
Suppose 0 = 3*j + 126 - 165. Suppose 4*x - 31 - 229 = 0. Calculate the highest common divisor of j and x.
13
Let t = -1924 - -1947. What is the highest common divisor of 161 and t?
23
Suppose -3*t + 47 = 3*i - 61, -i + 172 = 5*t. Calculate the highest common factor of 85 and t.
17
Let k = 511 + 81. What is the highest common factor of k and 37?
37
Suppose -18*t - 11*t = -56753. Calculate the highest common factor of 19 and t.
19
Let a be (8 - 4) + (-18)/(-3). What is the greatest common factor of a and 30?
10
Let s be 233 + ((-140)/(-5))/4. Calculate the greatest common factor of s and 30.
30
Let k be ((-60)/(-70))/((-6)/(-28)). Suppose 8*u = 4*u - k*a + 132, 5*a = -2*u + 75. Suppose -3*i - 12 = -237. Calculate the highest common factor of u and i.
15
Suppose -g + 687 = 2*x, -4*g - 2*x = -1492 - 1250. What is the highest common divisor of g and 5?
5
Suppose -5*o - 70 = 20. Let t be (27/(-4))/(o/(-48)). Let c be (-207)/t - 1/(-2). Calculate the greatest common factor of 30 and c.
6
Let j = -16 - -24. Let r be (7 + (-371)/21)*(-12 - 0). Calculate the greatest common divisor of j and r.
8
Let w = 834 - 624. Suppose -5*x - 3 = 12. Let u be x/(3/(-22)) - 1. Calculate the greatest common divisor of u and w.
21
Let t = 1828 + -1645. Calculate the highest common factor of 1 and t.
1
Let c(z) = z**3 - 14*z + 11. Let m be c(0). Let p be (-195)/(-9) + (-2)/(-6). What is the greatest common factor of p and m?
11
Suppose 38617 = 71*k - 27058. Calculate the highest common divisor of 37 and k.
37
Let x(s) = -22*s - 571. Let n be x(-28). Calculate the greatest common factor of 1755 and n.
45
Let z be (-10 - 0)*(-22 + 1751/85). Calculate the greatest common factor of 329 and z.
7
Let c = -826 - -864. Calculate the greatest common factor of 76 and c.
38
Suppose 0 = -7*q + 4*q + 39. Suppose -3*b = q - 175. Let v = 78 - 72. Calculate the greatest common divisor of b and v.
6
Suppose 5*w + 7*r - 5*r = 26, 5*r = 15. Calculate the highest common factor of w and 404.
4
Let b be 2 + (14/8 - (-5)/20). Suppose -4*f - u + 34 = 0, b*u = f + 2*u - 13. Calculate the greatest common divisor of 1 and f.
1
Let u(a) = 4*a + 28. Let l be u(-8). Let p be 1/(l/(-300)*-1). Let m = -43 - p. What is the highest common divisor of 4 and m?
4
Let k be (7/((-126)/4026))/((-3)/9). What is the highest common factor of 11 and k?
11
Let u(v) = v**3 - 6*v**2 - 3*v - 9. Let r be u(7). Let w = r + -13. Let t = 24 + -12. Calculate the greatest common factor of w and t.
6
Let v be 45/(-18)*624/(-65). What is the greatest common divisor of 378 and v?
6
Let y = -707 - -734. What is the highest common factor of 198 and y?
9
Let o be ((-32)/6)/(-4)*3. Suppose 12 = 2*k + o. Suppose 0 = -4*w + 2*z + 204, -w = k*z - 8*z - 44. Calculate the greatest common factor of 130 and w.
26
Let c(p) = -p**3 + 6*p**2 + 16*p + 1. Let h be c(8). Suppose z = -4*z + 25. What is the greatest common factor of z and h?
1
Suppose -p - 421 = -3*c - 2*c, 3*c - 250 = -2*p. Suppose -12*z - 359 + 1031 = 0. Calculate the highest common factor of c and z.
28
Suppose t + 15 = 23. Suppose 49 - 233 = -t*h. Let w = -57 - -172. Calculate the greatest common factor of h and w.
23
Let c(h) = h - 1. Let t(w) = -28*w + 6. Let g(v) = -2*c(v) + t(v). Let i be g(-2). What is the highest common divisor of 170 and i?
34
Let l = -627 + 714. Calculate the highest common divisor of l and 58.
29
Let v = 181 - 168. What is the highest common divisor of 26 and v?
13
Let v(l) = 3*l**2 - 5*l + 2. Let x be v(-4). Let z = x - 50. Let a = 17 + -12. What is the greatest common divisor of a and z?
5
Let s be (0 + 13)/((-2)/(-4)). Suppose -i = i - s. Let g be -1 + 7/(-21)*-159. What is the greatest common factor of i and g?
13
Suppose -3*v + 260 = 2*i + 3*i, -v + 5*i = -100. Let k = v - 23. Let s be 2 + -3 + k - 1. Calculate the highest common factor of 13 and s.
13
Let l be 83 + 9 + (-35)/7. Calculate the highest common divisor of l and 348.
87
Let v be (4 - (-80)/(-24))/(1/51). Calculate the highest common divisor of v and 272.
34
Let y be 1/(((-20)/(-30))/((-8)/(-6))). Suppose 6*v - 64 = y*v. Calculate the greatest common factor of v and 208.
16
Let u be 956/6 + 6/9. Suppose 0 = -5*o + q + 156, -5*q = -3*o + 4 + 72. Calculate the highest common divisor of o and u.
32
Let v = -7 - -11. Suppose -71*s = -74*s + 2*i + 104, 3*s - 4*i - 100 = 0. Calculate the highest common factor of v and s.
4
Let i(a) = 3*a**3 - 2*a**2 - 17*a + 18. Let n be i(1). Let g be 1 - -7 - 2 - -2. What is the greatest common divisor of n and g?
2
Let c(o) = o**2 + o + 5. Let w(q) = 2*q**2 + 4 - 3*q**2 - 3*q + 0*q**2. Let u be w(-5). Let d be c(u). What is the greatest common divisor of d and 5?
5
Let m(b) = b**3 + 19*b**2 + 39*b - 12. Let z be m(-16). Suppose -j - 3 - 2 = 0. Let o be (18/j)/(18/(-60)). What is the highest common factor of o and z?
12
Let r(y) = y**2 + 8*y + 6. Let a be r(-8). Suppose a*x - 35 = x. Suppose 0 = x*s - 1618 + 274. What is the highest common factor of s and 24?
24
Suppose -27*b + 28*b = 7. Let a(w) = -w**2 - 19*w - 11. Let d be a(-11). Calculate the greatest common factor of b and d.
7
Suppose -40*r + 169 = -111. What is the highest common factor of r and 28?
7
Let n(o) = 9*o - 14. Let w be n(2). Calculate the greatest common divisor of w and 64.
4
Suppose -4*q + 6*l + 140 = 3*l, 4*q - l - 132 = 0. Calculate the greatest common divisor of q and 424.
8
Suppose 0 = -5*q + 3*w + 358, 8*q + 3*w - 308 = 4*q. What is the highest common factor of q and 2?
2
Let t = 26 - 23. Suppose -t*l + 52 = l. Suppose -p = 2*n, 5*n + l = -12. What is the highest common divisor of p and 20?
10
Let o(q) = -q**3 + 3*q**2 - 32*q - 65. Let k be o(-2). Calculate the highest common divisor of k and 1121.
19
Let k be (8/(-7))/(260/(-4550)). Calculate the greatest common factor of 1060 and k.
20
Let a be 2092/20 - 4/(-10). Calculate the greatest common divisor of a and 245.
35
Let u be (0 - 1496/(-33)) + (-4)/(-6). What is the greatest common divisor of u and 230?
46
Let s(k) = -k + 464. Let u be s(24). Calculate the greatest common factor of 165 and u.
55
Suppose -366*d = -380*d + 980. Calculate the greatest common factor of d and 28.
14
Suppose 18*x - 301 = 5369. What is the highest common divisor of 441 and x?
63
Let d(f) = f**2 + 6*f + 12. Let n be d(-5). Let q be (250 - n)/((-3)/(-2)). What is the highest common factor of q and 18?
18
Let w = 125 + 141. Calculate the greatest common factor of 14 and w.
14
Let j be (2 + 221 - 1) + (-4)/2. Calculate the greatest common divisor of j and 66.
22
Let k(o) = 2*o**3 + 6*o + 3. Let f(n) = -3*n**3 + n**2 - 11*n - 5. Let l(a) = -3*f(a) - 5*k(a). Let m be l(-6). Calculate the highest common factor of 18 and m.
18
Let j = 5 - 5. Suppose j = m - 2*m + 2. Su